)?
1
Suppose -4*o + 3*h + 1 = -8, -o + 4*h + 12 = 0. What is the tens digit of o - (4*-4)/1?
1
Suppose -104 = -23*c + 21*c. What is the tens digit of c?
5
Suppose -3*a = 2*d - 98, 2*a - 4*d - 44 + 0 = 0. What is the tens digit of a?
3
What is the units digit of ((-16)/(-6))/(11/99)?
4
Suppose -2*a - 1 = 4*x - 7, -a - 6 = -x. What is the tens digit of 9 + (-3)/(-3)*x?
1
Let f(c) be the third derivative of c**5/30 - c**4/6 - c**3/6 + 4*c**2. What is the tens digit of f(4)?
1
Let a be (-60)/(-14) - 2/7. Suppose 17 = a*w - 27. What is the tens digit of w?
1
Let y be 61 + 1 + 2/2. Suppose 0*q - 5*g = 4*q - y, 2*g = 4*q - 70. What is the units digit of q?
7
Suppose -80 = -4*a + 40. What is the tens digit of a?
3
Suppose -b = 3*b - 16. Suppose 4*x + b*p = 0, -4*x + 3 = 2*p - 1. Suppose -x*q = -12 + 2. What is the units digit of q?
5
Suppose -44 = -x + b, 2*x - 86 = 2*b + b. Let i = -24 + x. What is the tens digit of i?
2
Suppose -13*b + 19*b = 984. What is the tens digit of b?
6
Suppose -2*d + 6*d - 220 = 0. Suppose 0 = 3*s - d + 1. What is the tens digit of s?
1
Let v(q) = q + 5. Let g be v(9). What is the units digit of (-80)/(-14) - g/(-49)?
6
Let g = 2 - -3. Suppose 2*r + 5*o = 4, -2*o = -g*r - 0*r + 39. What is the units digit of r?
7
Let n(o) = o**2 + 4. Let z be -2 + 2 - 6/(-2). Let t be (-3)/(z + 0) + 1. What is the units digit of n(t)?
4
Let n = 10 - 23. Let j = n - -25. What is the units digit of j?
2
Let d(q) = 5*q - 7. What is the units digit of d(4)?
3
Suppose -a + 0*a + 5 = i, -a = -3*i - 1. What is the tens digit of (a/(-8))/((-2)/72)?
1
What is the tens digit of 23 - -4*2/4?
2
Let x(b) be the first derivative of b**3/3 + 3*b + 4. What is the units digit of x(-3)?
2
Let x = -121 + 181. What is the units digit of x?
0
Let l = -2 - -1. Let i = 5 + l. Suppose 0 = -i*u + 27 + 45. What is the units digit of u?
8
Suppose 3 = -2*m + 11. Suppose -2*k = 2*i - 16, 11 = -m*i + 5*k - 2. Suppose -4*p = i*q - 23, 0 = -2*p + 2*q + q - 11. What is the units digit of p?
2
Let i be 3/1 - (-1 + 1). Suppose 8 + 7 = i*t. What is the units digit of t?
5
Let m(y) = -4*y + 10. Let i be m(4). Let k(a) = a**3 + 5*a**2 - 6*a + 7. What is the units digit of k(i)?
7
Let k = 4 + -2. Suppose -3*q + 52 = s, -3*q + 7 + k = 0. What is the tens digit of s?
4
Let r(q) = q**3 - 2*q**2 - 2*q - 1. Let k be r(-1). What is the units digit of (-29)/k - 6/(-12)?
5
Suppose -2*s - t = -23, -3*t - 71 = -4*s - 0*t. Suppose 0 = -0*w + 2*w - 16. Let g = s - w. What is the units digit of g?
6
Let n(c) = -c**2 + 7*c + 3. Let j = 18 + -11. Let g be n(j). What is the units digit of ((-2)/g)/((-2)/6)?
2
Suppose c + 8 - 12 = 0. What is the units digit of c?
4
Let x = 200 + -119. What is the units digit of x?
1
Suppose 5*i + 2*r - 114 = 0, -4*r + 24 = 2*i - 12. What is the units digit of i?
4
Let s be (-1)/(4 + -2 - 1). Let y = 1 + s. Suppose -d + 2 - 1 = y. What is the units digit of d?
1
Suppose u + 2*u - 14 = -2*b, 0 = -5*u + b + 6. Let l(o) = 2*o + 2. Let r be l(u). Let y(z) = z**3 - 7*z**2 + 9*z - 5. What is the units digit of y(r)?
3
Suppose -t + 1 = -f, 0*f + f = 2*t + 3. Let a = 0 - t. Suppose a*i - w = 58, 2*i + 2*w - 24 = -0*i. What is the tens digit of i?
1
Let p(r) = -45*r + 2. Let s be p(1). What is the units digit of (-4)/(-10) + s/(-5)?
9
Let p(d) = d - 16. Let h(w) = -4 - 2*w + 9 + 10. Let s(b) = -2*h(b) - 3*p(b). What is the tens digit of s(-8)?
1
Let n(a) = -5 - 11*a**2 + 11*a**2 + 5*a + 4*a**2 - a**3 + 2*a**2. What is the units digit of n(6)?
5
Suppose d + 1570 = 11*d. What is the tens digit of d?
5
Suppose c - 19 = -r + 1, 3*r - c - 52 = 0. Suppose -q + 9 = -r. What is the tens digit of q?
2
Let m = 85 - 67. What is the tens digit of m?
1
Let v be (-4)/(-6)*(-6)/2. Let c be 0*(v + 5/2). Suppose 0 = -c*z + 4*z - 40. What is the tens digit of z?
1
Let n(q) = -q**2 + 6*q - 6. Let j be n(4). Let t be j + 13 + -1 + 0. Suppose -u + t = u. What is the units digit of u?
7
What is the tens digit of (2/2)/((-5)/(-205))?
4
Suppose -16*q + 19*q - 603 = 0. What is the hundreds digit of q?
2
Suppose -228 = -4*o + 4*r + 328, 0 = 5*o - r - 675. What is the tens digit of o?
3
Let s = 45 - -122. What is the hundreds digit of s?
1
Let c = 2 - -1. Suppose -3*q - c = -63. What is the units digit of q?
0
What is the tens digit of 1724/16 + 3 + 12/(-16)?
1
What is the hundreds digit of ((-274)/3)/(15/(-45))?
2
Suppose 0 = 5*h - 4*k - 33, -h - 42 = -6*h + k. What is the units digit of h?
9
Suppose 3*r = 8 + 307. Suppose 2*i = -i + r. What is the tens digit of i?
3
Let a be 4/10 + 17/(-5). Let z be a*(2 - 9/3). What is the tens digit of 9 + (3/z - -2)?
1
What is the units digit of (1 - -45)*(-7)/(-2)?
1
Let l(k) = k - 8. Let c be l(0). Let h = c - -11. Suppose -2*y - 2*d = -0*y, 4*d + 14 = h*y. What is the units digit of y?
2
Let j(u) = u**2 + 4*u - 7. Let c be j(-5). Let a be (0 + 3 + -1)/c. Let q = 7 + a. What is the units digit of q?
6
Let m be (-11)/((-3)/15*1). Let j be 100/m - 2/(-11). What is the units digit of (1 - -2)/(j/4)?
6
Let y(f) = f**3 - 6*f**2 + 4*f + 5. Let d be y(5). Let n = d - 0. Let r = 1 + n. What is the units digit of r?
1
Suppose -30 = -0*m - 5*m. Let a(p) = 8 - 3 + 1 + p**3 - 7*p**2 + 7*p. What is the tens digit of a(m)?
1
Suppose 0 = -x - t + 43, -4*x + 2*t - 3*t = -157. What is the tens digit of x?
3
Let k = -102 - -236. What is the hundreds digit of k?
1
Suppose -3*l + 208 = -0*l + 5*w, -5*l + 300 = -w. Suppose 4*y = 301 - l. What is the units digit of y?
0
Let h(k) = -k**2 + 8*k - 7. What is the units digit of h(5)?
8
Suppose l + 2*l - 12 = 0. Suppose p = l*p - 9. Suppose -4 = 2*q, 2*m - 4 - 2 = -p*q. What is the units digit of m?
6
Suppose 9*m + 4*p = 4*m + 947, -p = 3*m - 564. What is the hundreds digit of m?
1
Let c(u) = 9*u - 6. Suppose -2*h = -0*h - 4, 2*h = 4*l - 16. What is the units digit of c(l)?
9
Suppose 3*n = 3, n + 214 = 4*g - n. What is the tens digit of g?
5
Let j(m) be the second derivative of -m**3/3 + m. Suppose -4*s = 2*i + 6, 0 = 5*i - 7*s + 4*s + 15. What is the units digit of j(i)?
6
What is the units digit of 20/8*(36 - 0)?
0
Let o(g) = 2*g**2 - g + 1. Let v be o(-2). What is the units digit of v - (-1 - 2/(-1))?
0
What is the tens digit of 109*1 + (-9)/3 + 6?
1
What is the tens digit of -2 + -1 + 3*438/9?
4
Let c(x) = x**3 + 7*x**2 - 5*x - 5. What is the units digit of c(-7)?
0
Suppose 4*g = 2*b + 779 + 123, -5*g = 3*b - 1111. What is the units digit of g?
4
Let a be (-4)/(-14) - 8270/(-14). Let k be a/15 + 4/(-10). Suppose k = 4*c + 4*n - 1, 24 = 3*c + n. What is the units digit of c?
7
Let t(f) = -f. Let l(a) = a. Let c(d) = 12*d + 1. Let r(p) = c(p) - 2*l(p). Let w(j) = r(j) + 5*t(j). What is the tens digit of w(2)?
1
Suppose -u - 1 = 5*n + 2, -n + 5 = 3*u. Suppose -2*m - 60 = u*m. Let y = 27 + m. What is the units digit of y?
2
Let n = -17 - -11. Let h(p) = -3*p + 2. Let g be h(n). Suppose q = -4*q + g. What is the units digit of q?
4
Suppose 2*i = -k + 25, 2*i - i - 8 = 4*k. What is the tens digit of i?
1
Suppose x - 3 - 8 = 2*p, 5*x + 5*p + 5 = 0. What is the tens digit of 53/x - (-6)/18?
1
What is the units digit of 122/3 + 12/(-18)?
0
Suppose -2*x + 10 = -24. What is the units digit of x?
7
Let m(x) = x**2 - 8*x + 13. Let s be m(10). Suppose 0 = -5*t + 2*t - s. Let w = 1 - t. What is the units digit of w?
2
Let o(w) be the first derivative of w + w**2 + 1 + 1/3*w**3. What is the units digit of o(-3)?
4
Suppose -2*o + 213 = o. Suppose 2*d - 3*b = o, 2*b + 203 = 5*d + 3*b. What is the tens digit of d?
4
Let d(b) = -b**2 - 11*b + 1. What is the tens digit of d(-8)?
2
Let n(q) = 5*q**2 - 2*q + 14. What is the tens digit of n(-6)?
0
Let u(f) = 12*f - 67. What is the tens digit of u(11)?
6
Let i = 21 - -91. What is the units digit of i?
2
Let c(l) be the second derivative of 0 - 1/3*l**3 - l - 3*l**2. What is the tens digit of c(-12)?
1
Let a(f) = -2*f - 8. Let n be a(-4). Let i = 6 - 3. Let h = n + i. What is the units digit of h?
3
What is the units digit of 136/12 - 2/(-3)?
2
Suppose -z + 0*z - 26 = 0. Let w be z*(-1)/2*2. Suppose t + w = 3*i, 0*i + 5*i - 60 = 5*t. What is the units digit of i?
7
Let j(n) = -n**2 - 6*n - 5. Let h be j(-5). Let c(w) = w**3 + w**2 - w + 18. Let q be c(h). Let b = q + -9. What is the units digit of b?
